{"id":41,"date":"2015-11-12T11:30:42","date_gmt":"2015-11-12T10:30:42","guid":{"rendered":"http:\/\/cieacova.blogs.upv.es\/?page_id=41"},"modified":"2026-04-21T09:41:51","modified_gmt":"2026-04-21T08:41:51","slug":"carta-de-presentacio","status":"publish","type":"page","link":"https:\/\/cieacova.com\/?page_id=41","title":{"rendered":"Organigrama i funcions"},"content":{"rendered":"<p>La Comissi\u00f3 Interuniversit\u00e0ria d\u2019Estandarditzaci\u00f3 d\u2019Acreditacions de Coneixements de Valenci\u00e0 (CIEACOVA) est\u00e0 formada per membres dels serveis ling\u00fc\u00edstics de les universitats seg\u00fcents: Universitat de Val\u00e8ncia-Estudi General, Universitat Polit\u00e8cnica de Val\u00e8ncia, Universitat d\u2019Alacant, Universitat Jaume I de Castell\u00f3, Universitat Miguel Hern\u00e1ndez d\u2019Elx, Universitat Cardenal Herrera-CEU i Universitat Cat\u00f2lica de Val\u00e8ncia\u2013Sant Vicent M\u00e0rtir. La CIEACOVA naix del conveni signat per aquestes universitats per a l\u2019homologaci\u00f3 dels certificats de valenci\u00e0 expedits pels respectius serveis ling\u00fc\u00edstics universitaris.<\/p>\n<p>La CIEACOVA t\u00e9, entre d&#8217;altres funcions, les seg\u00fcents:<br \/>\n&#8211; Analitzar i avaluar les propostes de reconeixement de certificats d\u2019acreditaci\u00f3 de compet\u00e8ncia ling\u00fc\u00edstica en valenci\u00e0 emesos per les universitats signants del conveni.<br \/>\n&#8211; Elaborar i publicar el cat\u00e0leg de certificats d\u2019acreditaci\u00f3 de compet\u00e8ncia ling\u00fc\u00edstica en valenci\u00e0 emesos per les universitats signants que es poden expedir en el marc del conveni.<br \/>\n&#8211;\u00a0Coordinar les proves interuniversit\u00e0ries d\u2019acreditaci\u00f3 per a obtenir els certificats de coneixements de valenci\u00e0. Aquestes proves s\u00f3n equivalents a les de la Junta Qualificadora de Coneixements de Valenci\u00e0 (<a href=\"http:\/\/www.dogv.gva.es\/portal\/ficha_disposicion.jsp?id=26&amp;sig=002051\/2017&amp;url_lista=\" target=\"OgNo_OQynPgr_bFvapipPto\" rel=\"noopener noreferrer\">Ordre 7\/2017, de 2 de mar\u00e7 de 2017<\/a>, de la Conselleria d&#8217;Educaci\u00f3, Investigaci\u00f3, Cultura i Esport, per la qual es regulen els certificats oficials administratius de coneixements de valenci\u00e0 de la Junta Qualificadora de Coneixements de Valenci\u00e0, el personal examinador i l&#8217;homologaci\u00f3 i la validaci\u00f3 d&#8217;altres t\u00edtols i certificats).<br \/>\n&#8211; Fixar el model d\u2019acreditaci\u00f3 d\u2019ex\u00e0mens corresponent als certificats que s\u2019expedeixen en el marc del conveni.<\/p>\n<p style=\"font-size: 19px;\"><b>Organigrama<\/b><\/p>\n<hr size=\"2\" \/>\n<p><strong>PLE<\/strong><\/p>\n<p><strong>Presid\u00e8ncia<\/strong><\/p>\n<p><span style=\"font-family: 'Tahoma',sans-serif; color: #606060;\">Maria Josep Soldevila Blasco, Universitat Jaume I\u00a0<\/span><\/p>\n<p><strong>Secretaria<\/strong><\/p>\n<p><span style=\"font-family: 'Tahoma',sans-serif; color: #606060;\">Matilde Ba\u00f1o Caballero, Universitat Miguel Hern\u00e1ndez d\u2019Elx<\/span><\/p>\n<p><strong>Vocalies<\/strong><\/p>\n<p><span style=\"font-family: 'Tahoma',sans-serif; color: #606060;\">Alfons Esteve i G\u00f3mez, Universitat de Val\u00e8ncia-Estudi General<\/span><\/p>\n<p><span style=\"font-family: 'Tahoma',sans-serif; color: #606060;\">Sergi Linares de Ter\u00e1n, Universitat Polit\u00e8cnica de Val\u00e8ncia<\/span><\/p>\n<p><span style=\"font-family: 'Tahoma',sans-serif; color: #606060;\">Ferran Isabel i Vilar, Universitat d\u2019Alacant<\/span><\/p>\n<p><span style=\"font-family: 'Tahoma',sans-serif; color: #606060;\">Vicent F. Garcia Perales, Universitat Cardenal Herrera-CEU<\/span><\/p>\n<p><span style=\"font-family: 'Tahoma',sans-serif; color: #606060;\">Maria Jes\u00fas Carrera Hueso, Universitat Cat\u00f2lica de Val\u00e8ncia-Sant Vicent M\u00e0rtir<\/span><\/p>\n<p>&nbsp;<\/p>\n<p><strong>COMISSI\u00d3 PERMANENT<\/strong><\/p>\n<p><strong>Presid\u00e8ncia<\/strong><br \/>\n<span style=\"font-family: 'Tahoma',sans-serif; color: #606060;\">M. Josep Soldevila Blasco, Universitat Jaume I<\/span><\/p>\n<p><strong>Secretaria<\/strong><\/p>\n<p><span style=\"font-family: 'Tahoma',sans-serif; color: #606060;\">Matilde Ba\u00f1o Caballero, Universitat Miguel Hern\u00e1ndez d\u2019Elx<\/span><\/p>\n<p><strong>Vocal<\/strong><\/p>\n<p><span style=\"font-family: 'Tahoma',sans-serif; color: #606060;\">Vicent F. Garcia Perales, Universitat Cardenal Herrera-CEU<\/span><\/p>\n<p>__________<\/p>\n<p><strong>Ba\u00f1o Caballero, Matilde<\/strong><br \/>\nResponsable de l\u2019Oficina de Cultura, Igualtat i Diversitat i de l\u2019Oficina de Lleng\u00fces de la Universitat Miguel Hern\u00e1ndez d\u2019Elx. El rector d\u2019aquesta universitat la nomen\u00e0 membre de la CIEACOVA des de la constituci\u00f3 que tingu\u00e9 lloc el dia 22 de setembre de 2015. Des del 13 de novembre de 2019 fins al 8 de novembre de 2021 va ser presidenta del Ple i de la Comissi\u00f3 Permanent. Ara \u00e9s vocal del Ple.<\/p>\n<p><strong>Carrera Hueso, Maria Jes\u00fas<\/strong><br \/>\nCoordinadora general de l\u2019\u00c0rea de Valenci\u00e0 de l\u2019Institut de Lleng\u00fces de la Universitat Cat\u00f2lica de Val\u00e8ncia-Sant Vicent M\u00e0rtir. El rector d\u2019aquesta universitat la nomen\u00e0 membre de la CIEACOVA el dia 22 de setembre de 2021. Des del 9 de novembre de 2021 fins a l\u201911 de mar\u00e7 de 2024 va ser membre de la Comissi\u00f3 Permanent. Des del 12 de mar\u00e7 de 2024 \u00e9s presidenta del Ple i de la Comissi\u00f3 Permanent.<\/p>\n<p><strong>Esteve i G\u00f3mez, Alfons<\/strong><br \/>\nCap del Servei de Lleng\u00fces i Pol\u00edtica Ling\u00fc\u00edstica de la Universitat de Val\u00e8ncia-Estudi General. El rector d\u2019aquesta universitat el nomen\u00e0 membre de la CIEACOVA des de la constituci\u00f3 que tingu\u00e9 lloc el dia 22 de setembre de 2015. Va ser president del Ple i de la Comissi\u00f3 Permanent des d\u2019aleshores fins al dia 29 de setembre de 2017. Des del 9 de novembre de 2021 fins a l\u201911 de mar\u00e7 de 2024 va ser secretari del Ple i de la Comissi\u00f3 Permanent. Ara \u00e9s vocal del Ple.<\/p>\n<p><strong>Garcia Perales, Vicent Ferran<\/strong><br \/>\nDirector del Departament d\u2019Humanitats de la Universitat Cardenal Herrera-CEU. La rectora d\u2019aquesta universitat el nomen\u00e0 membre de la CIEACOVA des de la constituci\u00f3 que tingu\u00e9 lloc el dia 22 de setembre de 2015. Va ser secretari del Ple i de la Comissi\u00f3 Permanent entre el 14 de novembre de 2019 i el 8 de novembre de 2021. Ara \u00e9s vocal del Ple.<\/p>\n<p><strong>Isabel i Vilar, Ferran<\/strong><br \/>\nDirector del Servei de Lleng\u00fces de la Universitat d\u2019Alacant. El rector d\u2019aquesta universitat el nomen\u00e0 membre de la CIEACOVA des de la constituci\u00f3 que tingu\u00e9 lloc el dia 22 de setembre de 2015. Va ser\u00a0president del Ple i de la Comissi\u00f3 Permanent des del dia 30 de setembre de 2017 fins al 13 de novembre de 2019. Des del 12 de mar\u00e7 de 2024 \u00e9s secretari del Ple i de la Comissi\u00f3 Permanent.<\/p>\n<p><strong>Linares de Ter\u00e1n, Sergi<\/strong><br \/>\nCap del Servei de Promoci\u00f3 i Normalitzaci\u00f3 Ling\u00fc\u00edstica de la Universitat Polit\u00e8cnica de Val\u00e8ncia. El rector d\u2019aquesta universitat el nomen\u00e0 membre de la CIEACOVA des de la constituci\u00f3 que tingu\u00e9 lloc el dia 22 de setembre de 2015. Va ser secretari del Ple i de la Comissi\u00f3 Permanent des d\u2019aleshores fins al dia 29 de setembre de 2017. Des del 9 de novembre de 2021 fins a l\u201911 de mar\u00e7 de 2024 va ser president del Ple i de la Comissi\u00f3 Permanent. Ara \u00e9s vocal del Ple.<\/p>\n<p><strong>Soldevila Blasco, M. Josep<\/strong><br \/>\nAssessora de catal\u00e0 del Servei de Lleng\u00fces i Terminologia de la Universitat Jaume I. El rector d\u2019aquesta universitat la nomen\u00e0 membre de la CIEACOVA el dia 19 de setembre de 2016. Va ser secret\u00e0ria del Ple i de la Comissi\u00f3 Permanent des del dia 30 de setembre de 2017 fins al 13 de novembre de 2019. Des del 12 de mar\u00e7 de 2024 \u00e9s membre de la Comissi\u00f3 Permanent.<\/p>\n<p>&nbsp;<\/p>\n<p style=\"font-size: 19px;\"><b>Exmembres<\/b><\/p>\n<hr size=\"2\" \/>\n<p><strong>Gimeno Bosch, Vicent<\/strong><br \/>\nProfessor de la Universitat Cat\u00f2lica de Val\u00e8ncia-Sant Vicent M\u00e0rtir. El rector d&#8217;aquesta universitat el nomen\u00e0 membre de la CIEACOVA des de la constituci\u00f3 que tingu\u00e9 lloc el dia 22 de setembre de 2015. Va ser vocal del Ple des d&#8217;aleshores fins al dia 19 de gener de 2018. Tamb\u00e9 fou vocal de la Comissi\u00f3 Permanent des del dia 30 de setembre de 2017 fins al 19 de gener de 2018.<\/p>\n<p><strong>Prior Romero, Bartomeu<\/strong><br \/>\nCap de servei de Lleng\u00fces i Terminologia de la Universitat Jaume I. El rector d\u2019aquesta universitat el nomen\u00e0 membre de la CIEACOVA des de la constituci\u00f3 que tingu\u00e9 lloc el dia 22 de setembre de 2015. Va ser vocal del Ple des d\u2019aleshores fins al dia 19 de setembre de 2016.<\/p>\n<p><strong>Garcia Peris, Vicent<\/strong><br \/>\nCoordinador general de l\u2019\u00c0rea de Valenci\u00e0 del Centre de Lleng\u00fces de la Universitat Cat\u00f2lica de Val\u00e8ncia-Sant Vicent M\u00e0rtir. La rectora d\u2019aquesta universitat el nomen\u00e0 membre de la CIEACOVA el dia 19 de gener de 2018. Va ser vocal del Ple des d\u2019aleshores fins al dia 22 de setembre de 2021.<\/p>\n<p><strong>Podeu accedir a la convocat\u00f2ria espec\u00edfica de cada universitat fent clic en el logo corresponent:<\/strong><\/p>\n<p style=\"padding-left: 5em;\"><a href=\"https:\/\/www.uv.es\/uvweb\/servei-politica-linguistica\/ca\/certificacio-llengues-capacitacions\/proves-valencia\/cieacova-1286003205180.html\"><img loading=\"lazy\" decoding=\"async\" class=\"alignnone\" src=\"https:\/\/cieacova.webs.upv.es\/wp-content\/uploads\/2015\/11\/3.png\" alt=\"Logo- UV\" width=\"178\" height=\"57\" \/><\/a>\u00a0<a href=\"http:\/\/www.upv.es\/entidades\/SPNL\/info\/991962normalv.html\"><img loading=\"lazy\" decoding=\"async\" class=\"alignnone wp-image-74\" src=\"http:\/\/cieacova.blogs.upv.es\/files\/2015\/11\/5-300x101.png\" alt=\"Logo- UPV\" width=\"175\" height=\"59\" srcset=\"https:\/\/cieacova.com\/wp-content\/uploads\/2015\/11\/5-300x101.png 300w, https:\/\/cieacova.com\/wp-content\/uploads\/2015\/11\/5-100x34.png 100w, https:\/\/cieacova.com\/wp-content\/uploads\/2015\/11\/5-150x51.png 150w, https:\/\/cieacova.com\/wp-content\/uploads\/2015\/11\/5.png 415w\" sizes=\"auto, (max-width: 175px) 100vw, 175px\" \/><\/a> <a href=\"https:\/\/sl.ua.es\/va\/acreditacio\/proves-d-acreditacio-de-valencia.html\"><img loading=\"lazy\" decoding=\"async\" class=\"alignnone wp-image-78\" src=\"http:\/\/cieacova.blogs.upv.es\/files\/2015\/11\/2-300x106.png\" alt=\"2\" width=\"168\" height=\"59\" srcset=\"https:\/\/cieacova.com\/wp-content\/uploads\/2015\/11\/2-300x106.png 300w, https:\/\/cieacova.com\/wp-content\/uploads\/2015\/11\/2-100x35.png 100w, https:\/\/cieacova.com\/wp-content\/uploads\/2015\/11\/2-150x53.png 150w, https:\/\/cieacova.com\/wp-content\/uploads\/2015\/11\/2.png 395w\" sizes=\"auto, (max-width: 168px) 100vw, 168px\" \/><\/a> <a href=\"https:\/\/www.uji.es\/serveis\/slt\/base\/formacio\/sdf\/acreditacio\/AcreditacioCieacova\/ \"><img loading=\"lazy\" decoding=\"async\" class=\"alignnone wp-image-73\" src=\"http:\/\/cieacova.blogs.upv.es\/files\/2015\/11\/4-300x85.png\" alt=\"Logo- UJI\" width=\"208\" height=\"59\" srcset=\"https:\/\/cieacova.com\/wp-content\/uploads\/2015\/11\/4-300x85.png 300w, https:\/\/cieacova.com\/wp-content\/uploads\/2015\/11\/4-100x28.png 100w, https:\/\/cieacova.com\/wp-content\/uploads\/2015\/11\/4-150x42.png 150w, https:\/\/cieacova.com\/wp-content\/uploads\/2015\/11\/4.png 493w\" sizes=\"auto, (max-width: 208px) 100vw, 208px\" \/><\/a><\/p>\n<p style=\"padding-left: 15em;\"><a href=\"http:\/\/llengues.umh.es\/\"><img loading=\"lazy\" decoding=\"async\" class=\"alignnone wp-image-77\" src=\"http:\/\/cieacova.blogs.upv.es\/files\/2015\/11\/1-300x128.png\" alt=\"1\" width=\"149\" height=\"64\" srcset=\"https:\/\/cieacova.com\/wp-content\/uploads\/2015\/11\/1-300x128.png 300w, https:\/\/cieacova.com\/wp-content\/uploads\/2015\/11\/1-100x43.png 100w, https:\/\/cieacova.com\/wp-content\/uploads\/2015\/11\/1-150x64.png 150w, https:\/\/cieacova.com\/wp-content\/uploads\/2015\/11\/1.png 325w\" sizes=\"auto, (max-width: 149px) 100vw, 149px\" \/><\/a> <a href=\"https:\/\/www.uchceu.es\/docs\/servicios\/idiomas\/convocatoria-especifica-cieacova-2025.pdf\"><img loading=\"lazy\" decoding=\"async\" class=\"alignnone wp-image-76\" src=\"http:\/\/cieacova.blogs.upv.es\/files\/2015\/11\/7.png\" alt=\"Logo- CEU\" width=\"132\" height=\"63\" srcset=\"https:\/\/cieacova.com\/wp-content\/uploads\/2015\/11\/7.png 290w, https:\/\/cieacova.com\/wp-content\/uploads\/2015\/11\/7-100x48.png 100w, https:\/\/cieacova.com\/wp-content\/uploads\/2015\/11\/7-150x72.png 150w\" sizes=\"auto, (max-width: 132px) 100vw, 132px\" \/><\/a> <a href=\"https:\/\/institutodelenguas.es\/cursos\/examenes-de-acreditacion\/cieacova\"><img loading=\"lazy\" decoding=\"async\" class=\"alignnone wp-image-75\" src=\"http:\/\/cieacova.blogs.upv.es\/files\/2015\/11\/6.png\" alt=\"Logo- UCV\" width=\"143\" height=\"70\" srcset=\"https:\/\/cieacova.com\/wp-content\/uploads\/2015\/11\/6.png 283w, https:\/\/cieacova.com\/wp-content\/uploads\/2015\/11\/6-100x49.png 100w, https:\/\/cieacova.com\/wp-content\/uploads\/2015\/11\/6-150x74.png 150w\" sizes=\"auto, (max-width: 143px) 100vw, 143px\" \/><\/a><\/p>\n","protected":false},"excerpt":{"rendered":"<p>La Comissi\u00f3 Interuniversit\u00e0ria d\u2019Estandarditzaci\u00f3 d\u2019Acreditacions de Coneixements de Valenci\u00e0 (CIEACOVA) est\u00e0 formada per membres dels serveis ling\u00fc\u00edstics de les universitats seg\u00fcents: Universitat de Val\u00e8ncia-Estudi General, Universitat Polit\u00e8cnica de Val\u00e8ncia, Universitat d\u2019Alacant, Universitat Jaume I de Castell\u00f3, Universitat Miguel Hern\u00e1ndez d\u2019Elx, Universitat Cardenal Herrera-CEU i Universitat Cat\u00f2lica de Val\u00e8ncia\u2013Sant Vicent M\u00e0rtir. La CIEACOVA naix del conveni&hellip;<\/p>\n","protected":false},"author":36902,"featured_media":0,"parent":0,"menu_order":0,"comment_status":"closed","ping_status":"closed","template":"","meta":{"footnotes":""},"class_list":["post-41","page","type-page","status-publish","hentry"],"yoast_head":"<!-- This site is optimized with the Yoast SEO plugin v27.5 - https:\/\/yoast.com\/product\/yoast-seo-wordpress\/ -->\n<title>Organigrama i funcions - CIEACOVA<\/title>\n<meta name=\"robots\" content=\"index, follow, max-snippet:-1, max-image-preview:large, max-video-preview:-1\" \/>\n<link rel=\"canonical\" href=\"https:\/\/cieacova.com\/?page_id=41\" \/>\n<meta property=\"og:locale\" content=\"ca_ES\" \/>\n<meta property=\"og:type\" content=\"article\" \/>\n<meta property=\"og:title\" content=\"Organigrama i funcions - CIEACOVA\" \/>\n<meta property=\"og:description\" content=\"La Comissi\u00f3 Interuniversit\u00e0ria d\u2019Estandarditzaci\u00f3 d\u2019Acreditacions de Coneixements de Valenci\u00e0 (CIEACOVA) est\u00e0 formada per membres dels serveis ling\u00fc\u00edstics de les universitats seg\u00fcents: Universitat de Val\u00e8ncia-Estudi General, Universitat Polit\u00e8cnica de Val\u00e8ncia, Universitat d\u2019Alacant, Universitat Jaume I de Castell\u00f3, Universitat Miguel Hern\u00e1ndez d\u2019Elx, Universitat Cardenal Herrera-CEU i Universitat Cat\u00f2lica de Val\u00e8ncia\u2013Sant Vicent M\u00e0rtir. La CIEACOVA naix del conveni&hellip;\" \/>\n<meta property=\"og:url\" content=\"https:\/\/cieacova.com\/?page_id=41\" \/>\n<meta property=\"og:site_name\" content=\"CIEACOVA\" \/>\n<meta property=\"article:modified_time\" content=\"2026-04-21T08:41:51+00:00\" \/>\n<meta property=\"og:image\" content=\"https:\/\/cieacova.webs.upv.es\/wp-content\/uploads\/2015\/11\/3.png\" \/>\n<meta name=\"twitter:card\" content=\"summary_large_image\" \/>\n<meta name=\"twitter:label1\" content=\"Temps estimat de lectura\" \/>\n\t<meta name=\"twitter:data1\" content=\"8 minuts\" \/>\n<script type=\"application\/ld+json\" class=\"yoast-schema-graph\">{\"@context\":\"https:\\\/\\\/schema.org\",\"@graph\":[{\"@type\":\"WebPage\",\"@id\":\"https:\\\/\\\/cieacova.com\\\/?page_id=41\",\"url\":\"https:\\\/\\\/cieacova.com\\\/?page_id=41\",\"name\":\"Organigrama i funcions - CIEACOVA\",\"isPartOf\":{\"@id\":\"https:\\\/\\\/cieacova.com\\\/#website\"},\"primaryImageOfPage\":{\"@id\":\"https:\\\/\\\/cieacova.com\\\/?page_id=41#primaryimage\"},\"image\":{\"@id\":\"https:\\\/\\\/cieacova.com\\\/?page_id=41#primaryimage\"},\"thumbnailUrl\":\"https:\\\/\\\/cieacova.webs.upv.es\\\/wp-content\\\/uploads\\\/2015\\\/11\\\/3.png\",\"datePublished\":\"2015-11-12T10:30:42+00:00\",\"dateModified\":\"2026-04-21T08:41:51+00:00\",\"breadcrumb\":{\"@id\":\"https:\\\/\\\/cieacova.com\\\/?page_id=41#breadcrumb\"},\"inLanguage\":\"ca\",\"potentialAction\":[{\"@type\":\"ReadAction\",\"target\":[\"https:\\\/\\\/cieacova.com\\\/?page_id=41\"]}]},{\"@type\":\"ImageObject\",\"inLanguage\":\"ca\",\"@id\":\"https:\\\/\\\/cieacova.com\\\/?page_id=41#primaryimage\",\"url\":\"https:\\\/\\\/cieacova.webs.upv.es\\\/wp-content\\\/uploads\\\/2015\\\/11\\\/3.png\",\"contentUrl\":\"https:\\\/\\\/cieacova.webs.upv.es\\\/wp-content\\\/uploads\\\/2015\\\/11\\\/3.png\"},{\"@type\":\"BreadcrumbList\",\"@id\":\"https:\\\/\\\/cieacova.com\\\/?page_id=41#breadcrumb\",\"itemListElement\":[{\"@type\":\"ListItem\",\"position\":1,\"name\":\"Inici\",\"item\":\"https:\\\/\\\/cieacova.com\\\/\"},{\"@type\":\"ListItem\",\"position\":2,\"name\":\"Organigrama i funcions\"}]},{\"@type\":\"WebSite\",\"@id\":\"https:\\\/\\\/cieacova.com\\\/#website\",\"url\":\"https:\\\/\\\/cieacova.com\\\/\",\"name\":\"CIEACOVA\",\"description\":\"P\u00e0gina del CIEACOVA\",\"potentialAction\":[{\"@type\":\"SearchAction\",\"target\":{\"@type\":\"EntryPoint\",\"urlTemplate\":\"https:\\\/\\\/cieacova.com\\\/?s={search_term_string}\"},\"query-input\":{\"@type\":\"PropertyValueSpecification\",\"valueRequired\":true,\"valueName\":\"search_term_string\"}}],\"inLanguage\":\"ca\"}]}<\/script>\n<!-- \/ Yoast SEO plugin. -->","yoast_head_json":{"title":"Organigrama i funcions - CIEACOVA","robots":{"index":"index","follow":"follow","max-snippet":"max-snippet:-1","max-image-preview":"max-image-preview:large","max-video-preview":"max-video-preview:-1"},"canonical":"https:\/\/cieacova.com\/?page_id=41","og_locale":"ca_ES","og_type":"article","og_title":"Organigrama i funcions - CIEACOVA","og_description":"La Comissi\u00f3 Interuniversit\u00e0ria d\u2019Estandarditzaci\u00f3 d\u2019Acreditacions de Coneixements de Valenci\u00e0 (CIEACOVA) est\u00e0 formada per membres dels serveis ling\u00fc\u00edstics de les universitats seg\u00fcents: Universitat de Val\u00e8ncia-Estudi General, Universitat Polit\u00e8cnica de Val\u00e8ncia, Universitat d\u2019Alacant, Universitat Jaume I de Castell\u00f3, Universitat Miguel Hern\u00e1ndez d\u2019Elx, Universitat Cardenal Herrera-CEU i Universitat Cat\u00f2lica de Val\u00e8ncia\u2013Sant Vicent M\u00e0rtir. La CIEACOVA naix del conveni&hellip;","og_url":"https:\/\/cieacova.com\/?page_id=41","og_site_name":"CIEACOVA","article_modified_time":"2026-04-21T08:41:51+00:00","og_image":[{"url":"https:\/\/cieacova.webs.upv.es\/wp-content\/uploads\/2015\/11\/3.png","type":"","width":"","height":""}],"twitter_card":"summary_large_image","twitter_misc":{"Temps estimat de lectura":"8 minuts"},"schema":{"@context":"https:\/\/schema.org","@graph":[{"@type":"WebPage","@id":"https:\/\/cieacova.com\/?page_id=41","url":"https:\/\/cieacova.com\/?page_id=41","name":"Organigrama i funcions - CIEACOVA","isPartOf":{"@id":"https:\/\/cieacova.com\/#website"},"primaryImageOfPage":{"@id":"https:\/\/cieacova.com\/?page_id=41#primaryimage"},"image":{"@id":"https:\/\/cieacova.com\/?page_id=41#primaryimage"},"thumbnailUrl":"https:\/\/cieacova.webs.upv.es\/wp-content\/uploads\/2015\/11\/3.png","datePublished":"2015-11-12T10:30:42+00:00","dateModified":"2026-04-21T08:41:51+00:00","breadcrumb":{"@id":"https:\/\/cieacova.com\/?page_id=41#breadcrumb"},"inLanguage":"ca","potentialAction":[{"@type":"ReadAction","target":["https:\/\/cieacova.com\/?page_id=41"]}]},{"@type":"ImageObject","inLanguage":"ca","@id":"https:\/\/cieacova.com\/?page_id=41#primaryimage","url":"https:\/\/cieacova.webs.upv.es\/wp-content\/uploads\/2015\/11\/3.png","contentUrl":"https:\/\/cieacova.webs.upv.es\/wp-content\/uploads\/2015\/11\/3.png"},{"@type":"BreadcrumbList","@id":"https:\/\/cieacova.com\/?page_id=41#breadcrumb","itemListElement":[{"@type":"ListItem","position":1,"name":"Inici","item":"https:\/\/cieacova.com\/"},{"@type":"ListItem","position":2,"name":"Organigrama i funcions"}]},{"@type":"WebSite","@id":"https:\/\/cieacova.com\/#website","url":"https:\/\/cieacova.com\/","name":"CIEACOVA","description":"P\u00e0gina del CIEACOVA","potentialAction":[{"@type":"SearchAction","target":{"@type":"EntryPoint","urlTemplate":"https:\/\/cieacova.com\/?s={search_term_string}"},"query-input":{"@type":"PropertyValueSpecification","valueRequired":true,"valueName":"search_term_string"}}],"inLanguage":"ca"}]}},"_links":{"self":[{"href":"https:\/\/cieacova.com\/index.php?rest_route=\/wp\/v2\/pages\/41","targetHints":{"allow":["GET"]}}],"collection":[{"href":"https:\/\/cieacova.com\/index.php?rest_route=\/wp\/v2\/pages"}],"about":[{"href":"https:\/\/cieacova.com\/index.php?rest_route=\/wp\/v2\/types\/page"}],"author":[{"embeddable":true,"href":"https:\/\/cieacova.com\/index.php?rest_route=\/wp\/v2\/users\/36902"}],"replies":[{"embeddable":true,"href":"https:\/\/cieacova.com\/index.php?rest_route=%2Fwp%2Fv2%2Fcomments&post=41"}],"version-history":[{"count":3,"href":"https:\/\/cieacova.com\/index.php?rest_route=\/wp\/v2\/pages\/41\/revisions"}],"predecessor-version":[{"id":5864,"href":"https:\/\/cieacova.com\/index.php?rest_route=\/wp\/v2\/pages\/41\/revisions\/5864"}],"wp:attachment":[{"href":"https:\/\/cieacova.com\/index.php?rest_route=%2Fwp%2Fv2%2Fmedia&parent=41"}],"curies":[{"name":"wp","href":"https:\/\/api.w.org\/{rel}","templated":true}]}}