{"id":4795,"date":"2022-04-26T12:42:57","date_gmt":"2022-04-26T11:42:57","guid":{"rendered":"https:\/\/cieacova.com\/?page_id=4795"},"modified":"2022-04-26T12:54:49","modified_gmt":"2022-04-26T11:54:49","slug":"proves-de-gener-de-2022","status":"publish","type":"page","link":"https:\/\/cieacova.com\/?page_id=4795","title":{"rendered":"Proves de gener de 2022"},"content":{"rendered":"<table style=\"height: 645px\" width=\"857\">\n<tbody>\n<tr>\n<td>\u00a0<\/td>\n<td style=\"text-align: center\">PROVES<\/td>\n<td style=\"text-align: center\">QUADERN DE RESPOSTES<\/td>\n<td style=\"text-align: center\">SOLUCIONARIS<\/td>\n<td>\n<p style=\"text-align: center\">\u00c0UDIOS<\/p>\n<\/td>\n<td>\n<p style=\"text-align: center\">TEXTOS D&#8217;EXPRESSI\u00d3<br \/>ORAL I MEDIACI\u00d3<\/p>\n<\/td>\n<\/tr>\n<tr>\n<td>A2 (B\u00e0sic)<\/td>\n<td style=\"text-align: center\"><a href=\"https:\/\/cieacova.webs.upv.es\/wp-content\/uploads\/2022\/04\/A2_QE_GENER22.pdf\">A2_GENER22<\/a><\/td>\n<td style=\"text-align: center\"><a href=\"https:\/\/cieacova.webs.upv.es\/wp-content\/uploads\/2022\/04\/A2_QR_GENER22.pdf\">A2_quadern de respostes_gener_22<\/a><\/td>\n<td style=\"text-align: center\"><a href=\"https:\/\/cieacova.webs.upv.es\/wp-content\/uploads\/2022\/04\/A2-SOLUCIONARI_GENER_22.pdf\">A2_solucionari_gener_22<\/a><\/td>\n<td style=\"width: 50%\">\n<audio class=\"wp-audio-shortcode\" id=\"audio-4795-1\" preload=\"none\" style=\"width: 100%;\" controls=\"controls\"><source type=\"audio\/mpeg\" src=\"https:\/\/cieacova.webs.upv.es\/wp-content\/uploads\/2022\/04\/NIVELL-A2_GENER22.mp3?_=1\" \/><a href=\"https:\/\/cieacova.webs.upv.es\/wp-content\/uploads\/2022\/04\/NIVELL-A2_GENER22.mp3\">https:\/\/cieacova.webs.upv.es\/wp-content\/uploads\/2022\/04\/NIVELL-A2_GENER22.mp3<\/a><\/audio>\n<\/td>\n<td>\u00a0<\/td>\n<\/tr>\n<tr>\n<td>B1 (Elemental)<\/td>\n<td style=\"text-align: center\"><a href=\"https:\/\/cieacova.webs.upv.es\/wp-content\/uploads\/2022\/04\/B1_QE_GENER22.pdf\">B1_GENER22<\/a><\/td>\n<td style=\"text-align: center\"><a href=\"https:\/\/cieacova.webs.upv.es\/wp-content\/uploads\/2022\/04\/B1_QR_GENER22.pdf\">B1_quadern de respostes_gener_22<\/a><\/td>\n<td style=\"text-align: center\"><a href=\"https:\/\/cieacova.webs.upv.es\/wp-content\/uploads\/2022\/04\/B1-SOLUCIONARI_GENER22-.pdf\">B1_solucionari_gener_22<\/a><\/td>\n<td>\n<audio class=\"wp-audio-shortcode\" id=\"audio-4795-2\" preload=\"none\" style=\"width: 100%;\" controls=\"controls\"><source type=\"audio\/mpeg\" src=\"https:\/\/cieacova.webs.upv.es\/wp-content\/uploads\/2022\/04\/NIVELL-B1_GENER22.mp3?_=2\" \/><a href=\"https:\/\/cieacova.webs.upv.es\/wp-content\/uploads\/2022\/04\/NIVELL-B1_GENER22.mp3\">https:\/\/cieacova.webs.upv.es\/wp-content\/uploads\/2022\/04\/NIVELL-B1_GENER22.mp3<\/a><\/audio>\n<\/td>\n<td style=\"text-align: center;width: 30%\"><a href=\"https:\/\/cieacova.webs.upv.es\/wp-content\/uploads\/2022\/04\/B1_EO1_GENER22.pdf\">Text 1<\/a> <a href=\"https:\/\/cieacova.webs.upv.es\/wp-content\/uploads\/2022\/04\/B1_EO2_GENER22.pdf\">Text 2<\/a><br \/><a href=\"https:\/\/cieacova.webs.upv.es\/wp-content\/uploads\/2022\/04\/B1_EO3_GENER22.pdf\">Text 3<\/a><\/td>\n<\/tr>\n<tr>\n<td>B2 (Intermedi)<\/td>\n<td style=\"text-align: center\"><a href=\"https:\/\/cieacova.webs.upv.es\/wp-content\/uploads\/2022\/04\/B2_QE_GENER22.pdf\">B2_GENER22<\/a><\/td>\n<td style=\"text-align: center\"><a href=\"https:\/\/cieacova.webs.upv.es\/wp-content\/uploads\/2022\/04\/B2_QR_GENER22.pdf\">B2_quadern de respostes_gener_22<\/a><\/td>\n<td style=\"text-align: center\"><a href=\"https:\/\/cieacova.webs.upv.es\/wp-content\/uploads\/2022\/04\/B2-SOLUCIONARI_GENER-22.pdf\">B2_solucionari_gener_22<\/a><\/td>\n<td>\n<audio class=\"wp-audio-shortcode\" id=\"audio-4795-3\" preload=\"none\" style=\"width: 100%;\" controls=\"controls\"><source type=\"audio\/mpeg\" src=\"https:\/\/cieacova.webs.upv.es\/wp-content\/uploads\/2022\/04\/NIVELL-B2_GENER22.mp3?_=3\" \/><a href=\"https:\/\/cieacova.webs.upv.es\/wp-content\/uploads\/2022\/04\/NIVELL-B2_GENER22.mp3\">https:\/\/cieacova.webs.upv.es\/wp-content\/uploads\/2022\/04\/NIVELL-B2_GENER22.mp3<\/a><\/audio>\n<\/td>\n<td style=\"text-align: center;width: 30%\"><a href=\"https:\/\/cieacova.webs.upv.es\/wp-content\/uploads\/2022\/04\/B2_EO1_GENER22.pdf\">Text 1<\/a> <a href=\"https:\/\/cieacova.webs.upv.es\/wp-content\/uploads\/2022\/04\/B2_EO2_GENER22.pdf\">Text 2<\/a> <a href=\"https:\/\/cieacova.webs.upv.es\/wp-content\/uploads\/2022\/04\/B2_EO3_GENER22.pdf\">Text 3<\/a>\u00a0<a href=\"https:\/\/cieacova.webs.upv.es\/wp-content\/uploads\/2022\/04\/B2_EO4_GENER22.pdf\">Text 4<\/a><br \/><a href=\"https:\/\/cieacova.webs.upv.es\/wp-content\/uploads\/2022\/04\/B2_EO5_GENER22.pdf\">Text 5<\/a>\u00a0<a href=\"https:\/\/cieacova.webs.upv.es\/wp-content\/uploads\/2022\/04\/B2_EO6_GENER22.pdf\">Text 6<\/a><\/td>\n<\/tr>\n<tr>\n<td>C1 (Sufici\u00e8ncia)<\/td>\n<td style=\"text-align: center\"><a href=\"https:\/\/cieacova.webs.upv.es\/wp-content\/uploads\/2022\/04\/C1_QE_GENER22.pdf\">C1_GENER22<\/a><\/td>\n<td style=\"text-align: center\"><a style=\"font-size: revert;font-family: inherit;font-weight: inherit\" href=\"https:\/\/cieacova.webs.upv.es\/wp-content\/uploads\/2022\/04\/C1_PLR1_GENER22.pdf\">C1_PLR1_GENER22<\/a> <a style=\"font-size: revert;font-family: inherit;font-weight: inherit\" href=\"https:\/\/cieacova.webs.upv.es\/wp-content\/uploads\/2022\/04\/C1_PLR2_GENER22.pdf\">C1_PLR2_GENER22<\/a><\/td>\n<td style=\"text-align: center\"><a href=\"https:\/\/cieacova.webs.upv.es\/wp-content\/uploads\/2022\/04\/C1_SOLUCIONARI_GENER_22_AREA_CGL.pdf\">C1_solucionari_gener_CGL_22<\/a><br \/><a href=\"https:\/\/cieacova.webs.upv.es\/wp-content\/uploads\/2022\/04\/C1_SOLUCIONARI_GENER_22_ARE_COMIEE.pdf\">C1_solucionari_gener_COMIEE_22<\/a><\/td>\n<td>\n<audio class=\"wp-audio-shortcode\" id=\"audio-4795-4\" preload=\"none\" style=\"width: 100%;\" controls=\"controls\"><source type=\"audio\/mpeg\" src=\"https:\/\/cieacova.webs.upv.es\/wp-content\/uploads\/2022\/04\/NIVELL-C1_GENER22.mp3?_=4\" \/><a href=\"https:\/\/cieacova.webs.upv.es\/wp-content\/uploads\/2022\/04\/NIVELL-C1_GENER22.mp3\">https:\/\/cieacova.webs.upv.es\/wp-content\/uploads\/2022\/04\/NIVELL-C1_GENER22.mp3<\/a><\/audio>\n<\/td>\n<td style=\"text-align: center;width: 30%\">\n<p><a href=\"https:\/\/cieacova.webs.upv.es\/wp-content\/uploads\/2022\/04\/C1_EO1_GENER22.pdf\">Text 1<\/a> <a href=\"https:\/\/cieacova.webs.upv.es\/wp-content\/uploads\/2022\/04\/C1_EO2_GENER22.pdf\">Text 2<\/a><br \/><a style=\"font-size: revert;font-family: inherit;font-weight: inherit\" href=\"https:\/\/cieacova.webs.upv.es\/wp-content\/uploads\/2022\/04\/C1_EO3_GENER22.pdf\">Text 3<\/a> <a style=\"font-size: revert;font-family: inherit;font-weight: inherit\" href=\"https:\/\/cieacova.webs.upv.es\/wp-content\/uploads\/2022\/04\/C1_EO4_GENER22.pdf\">Text 4<\/a><br \/><a href=\"https:\/\/cieacova.webs.upv.es\/wp-content\/uploads\/2022\/04\/C1_EO5_GENER22.pdf\">Text 5<\/a> <a href=\"https:\/\/cieacova.webs.upv.es\/wp-content\/uploads\/2022\/04\/C1_EO6_GENER22.pdf\">Text 6<\/a><br \/><a href=\"https:\/\/cieacova.webs.upv.es\/wp-content\/uploads\/2022\/04\/C1_EO7_GENER22.pdf\">Text 7<\/a> <a href=\"https:\/\/cieacova.webs.upv.es\/wp-content\/uploads\/2022\/04\/C1_EO8_GENER22.pdf\">Text 8<\/a><br \/><a href=\"https:\/\/cieacova.webs.upv.es\/wp-content\/uploads\/2022\/04\/C1_EO9_GENER22.pdf\">Text 9<\/a> <a href=\"https:\/\/cieacova.webs.upv.es\/wp-content\/uploads\/2022\/04\/C1_EO10_GENER22.pdf\">Text 10<\/a><br \/><a href=\"https:\/\/cieacova.webs.upv.es\/wp-content\/uploads\/2022\/04\/C1_EO11_GENER22.pdf\">Text 11<\/a> <a href=\"https:\/\/cieacova.webs.upv.es\/wp-content\/uploads\/2022\/04\/C1_EO12_GENER22.pdf\">Text 12<\/a><\/p>\n<\/td>\n<\/tr>\n<tr>\n<td>C2 (Superior)<\/td>\n<td style=\"text-align: center\"><a href=\"https:\/\/cieacova.webs.upv.es\/wp-content\/uploads\/2022\/04\/C2_QE_GENER22-1.pdf\">C2_GENER22<\/a><\/td>\n<td style=\"text-align: center\"><a style=\"font-size: revert;font-family: inherit;font-weight: inherit\" href=\"https:\/\/cieacova.webs.upv.es\/wp-content\/uploads\/2022\/04\/C2_PLR1_GENER22.pdf\">C2_PLR1_GENER22<\/a> <a style=\"font-size: revert;font-family: inherit;font-weight: inherit\" href=\"https:\/\/cieacova.webs.upv.es\/wp-content\/uploads\/2022\/04\/C2_PLR2_GENER22.pdf\">C2_PLR2_GENER22<\/a><\/td>\n<td style=\"text-align: center\"><a href=\"https:\/\/cieacova.webs.upv.es\/wp-content\/uploads\/2022\/04\/C2_SOLUCIONARI_GENER_22_AREA_COMIEE.pdf\">C2_solucionari_gener_COMIEE_22<\/a><br \/><a href=\"https:\/\/cieacova.webs.upv.es\/wp-content\/uploads\/2022\/04\/C2_SOLUCIONARI_GENER_22_AREA_CGL.pdf\">C2_solucionari_gener_CGL_22<\/a><\/td>\n<td>\n<audio class=\"wp-audio-shortcode\" id=\"audio-4795-5\" preload=\"none\" style=\"width: 100%;\" controls=\"controls\"><source type=\"audio\/mpeg\" src=\"https:\/\/cieacova.webs.upv.es\/wp-content\/uploads\/2022\/04\/NIVELL-C2_GENER22.mp3?_=5\" \/><a href=\"https:\/\/cieacova.webs.upv.es\/wp-content\/uploads\/2022\/04\/NIVELL-C2_GENER22.mp3\">https:\/\/cieacova.webs.upv.es\/wp-content\/uploads\/2022\/04\/NIVELL-C2_GENER22.mp3<\/a><\/audio>\n<\/td>\n<td style=\"text-align: center;width: 30%\">\n<p><a href=\"https:\/\/cieacova.webs.upv.es\/wp-content\/uploads\/2022\/04\/C2_MED1_GENER22.pdf\">Mediaci\u00f3 1<\/a> <a href=\"https:\/\/cieacova.webs.upv.es\/wp-content\/uploads\/2022\/04\/C2_MED2_GENER22.pdf\">Mediaci\u00f3 2<\/a><br \/><a href=\"https:\/\/cieacova.webs.upv.es\/wp-content\/uploads\/2022\/04\/C2_MED3_GENER22.pdf\">Mediaci\u00f3 3<\/a> <a href=\"https:\/\/cieacova.webs.upv.es\/wp-content\/uploads\/2022\/04\/C2_MED4_GENER22.pdf\">Mediaci\u00f3 4<\/a><br \/><a href=\"https:\/\/cieacova.webs.upv.es\/wp-content\/uploads\/2022\/04\/C2_MED5_GENER22-1.pdf\">Mediaci\u00f3 5<\/a> <a href=\"https:\/\/cieacova.webs.upv.es\/wp-content\/uploads\/2022\/04\/C2_MED6_GENER22.pdf\">Mediaci\u00f3 6<\/a><br \/><a href=\"https:\/\/cieacova.webs.upv.es\/wp-content\/uploads\/2022\/04\/C2_MED7_GENER22.pdf\">Mediaci\u00f3 7<\/a> <a href=\"https:\/\/cieacova.webs.upv.es\/wp-content\/uploads\/2022\/04\/C2_MED8_GENER22.pdf\">Mediaci\u00f3 8<\/a><\/p>\n<\/td>\n<\/tr>\n<\/tbody>\n<\/table>\n<p>Per poder escoltar l&#8217;\u00e0udio dins del pdf, cal descarregar-lo i obrir-lo fora del navegador web.<\/p>\n\n\n<p><\/p>\n","protected":false},"excerpt":{"rendered":"<p>\u00a0 PROVES QUADERN DE RESPOSTES SOLUCIONARIS \u00c0UDIOS TEXTOS D&#8217;EXPRESSI\u00d3ORAL I MEDIACI\u00d3 A2 (B\u00e0sic) A2_GENER22 A2_quadern de respostes_gener_22 A2_solucionari_gener_22 \u00a0 B1 (Elemental) B1_GENER22 B1_quadern de respostes_gener_22 B1_solucionari_gener_22 Text 1 Text 2Text 3 B2 (Intermedi) B2_GENER22 B2_quadern de respostes_gener_22 B2_solucionari_gener_22 Text 1 Text 2 Text 3\u00a0Text 4Text 5\u00a0Text 6 C1 (Sufici\u00e8ncia) C1_GENER22 C1_PLR1_GENER22 C1_PLR2_GENER22 C1_solucionari_gener_CGL_22C1_solucionari_gener_COMIEE_22 Text 1&hellip;<\/p>\n","protected":false},"author":55777,"featured_media":0,"parent":0,"menu_order":0,"comment_status":"closed","ping_status":"closed","template":"","meta":{"footnotes":""},"class_list":["post-4795","page","type-page","status-publish","hentry"],"yoast_head":"<!-- This site is optimized with the Yoast SEO plugin v27.5 - https:\/\/yoast.com\/product\/yoast-seo-wordpress\/ -->\n<title>Proves de gener de 2022 - CIEACOVA<\/title>\n<meta name=\"robots\" content=\"index, follow, max-snippet:-1, max-image-preview:large, max-video-preview:-1\" \/>\n<link rel=\"canonical\" href=\"https:\/\/cieacova.com\/?page_id=4795\" \/>\n<meta property=\"og:locale\" content=\"ca_ES\" \/>\n<meta property=\"og:type\" content=\"article\" \/>\n<meta property=\"og:title\" content=\"Proves de gener de 2022 - CIEACOVA\" \/>\n<meta property=\"og:description\" content=\"\u00a0 PROVES QUADERN DE RESPOSTES SOLUCIONARIS \u00c0UDIOS TEXTOS D&#8217;EXPRESSI\u00d3ORAL I MEDIACI\u00d3 A2 (B\u00e0sic) A2_GENER22 A2_quadern de respostes_gener_22 A2_solucionari_gener_22 \u00a0 B1 (Elemental) B1_GENER22 B1_quadern de respostes_gener_22 B1_solucionari_gener_22 Text 1 Text 2Text 3 B2 (Intermedi) B2_GENER22 B2_quadern de respostes_gener_22 B2_solucionari_gener_22 Text 1 Text 2 Text 3\u00a0Text 4Text 5\u00a0Text 6 C1 (Sufici\u00e8ncia) C1_GENER22 C1_PLR1_GENER22 C1_PLR2_GENER22 C1_solucionari_gener_CGL_22C1_solucionari_gener_COMIEE_22 Text 1&hellip;\" \/>\n<meta property=\"og:url\" content=\"https:\/\/cieacova.com\/?page_id=4795\" \/>\n<meta property=\"og:site_name\" content=\"CIEACOVA\" \/>\n<meta property=\"article:modified_time\" content=\"2022-04-26T11:54:49+00:00\" \/>\n<meta name=\"twitter:card\" content=\"summary_large_image\" \/>\n<meta name=\"twitter:label1\" content=\"Temps estimat de lectura\" \/>\n\t<meta name=\"twitter:data1\" content=\"1 minut\" \/>\n<script type=\"application\/ld+json\" class=\"yoast-schema-graph\">{\"@context\":\"https:\\\/\\\/schema.org\",\"@graph\":[{\"@type\":\"WebPage\",\"@id\":\"https:\\\/\\\/cieacova.com\\\/?page_id=4795\",\"url\":\"https:\\\/\\\/cieacova.com\\\/?page_id=4795\",\"name\":\"Proves de gener de 2022 - CIEACOVA\",\"isPartOf\":{\"@id\":\"https:\\\/\\\/cieacova.com\\\/#website\"},\"datePublished\":\"2022-04-26T11:42:57+00:00\",\"dateModified\":\"2022-04-26T11:54:49+00:00\",\"breadcrumb\":{\"@id\":\"https:\\\/\\\/cieacova.com\\\/?page_id=4795#breadcrumb\"},\"inLanguage\":\"ca\",\"potentialAction\":[{\"@type\":\"ReadAction\",\"target\":[\"https:\\\/\\\/cieacova.com\\\/?page_id=4795\"]}]},{\"@type\":\"BreadcrumbList\",\"@id\":\"https:\\\/\\\/cieacova.com\\\/?page_id=4795#breadcrumb\",\"itemListElement\":[{\"@type\":\"ListItem\",\"position\":1,\"name\":\"Inici\",\"item\":\"https:\\\/\\\/cieacova.com\\\/\"},{\"@type\":\"ListItem\",\"position\":2,\"name\":\"Proves de gener de 2022\"}]},{\"@type\":\"WebSite\",\"@id\":\"https:\\\/\\\/cieacova.com\\\/#website\",\"url\":\"https:\\\/\\\/cieacova.com\\\/\",\"name\":\"CIEACOVA\",\"description\":\"P\u00e0gina del CIEACOVA\",\"potentialAction\":[{\"@type\":\"SearchAction\",\"target\":{\"@type\":\"EntryPoint\",\"urlTemplate\":\"https:\\\/\\\/cieacova.com\\\/?s={search_term_string}\"},\"query-input\":{\"@type\":\"PropertyValueSpecification\",\"valueRequired\":true,\"valueName\":\"search_term_string\"}}],\"inLanguage\":\"ca\"}]}<\/script>\n<!-- \/ Yoast SEO plugin. -->","yoast_head_json":{"title":"Proves de gener de 2022 - CIEACOVA","robots":{"index":"index","follow":"follow","max-snippet":"max-snippet:-1","max-image-preview":"max-image-preview:large","max-video-preview":"max-video-preview:-1"},"canonical":"https:\/\/cieacova.com\/?page_id=4795","og_locale":"ca_ES","og_type":"article","og_title":"Proves de gener de 2022 - CIEACOVA","og_description":"\u00a0 PROVES QUADERN DE RESPOSTES SOLUCIONARIS \u00c0UDIOS TEXTOS D&#8217;EXPRESSI\u00d3ORAL I MEDIACI\u00d3 A2 (B\u00e0sic) A2_GENER22 A2_quadern de respostes_gener_22 A2_solucionari_gener_22 \u00a0 B1 (Elemental) B1_GENER22 B1_quadern de respostes_gener_22 B1_solucionari_gener_22 Text 1 Text 2Text 3 B2 (Intermedi) B2_GENER22 B2_quadern de respostes_gener_22 B2_solucionari_gener_22 Text 1 Text 2 Text 3\u00a0Text 4Text 5\u00a0Text 6 C1 (Sufici\u00e8ncia) C1_GENER22 C1_PLR1_GENER22 C1_PLR2_GENER22 C1_solucionari_gener_CGL_22C1_solucionari_gener_COMIEE_22 Text 1&hellip;","og_url":"https:\/\/cieacova.com\/?page_id=4795","og_site_name":"CIEACOVA","article_modified_time":"2022-04-26T11:54:49+00:00","twitter_card":"summary_large_image","twitter_misc":{"Temps estimat de lectura":"1 minut"},"schema":{"@context":"https:\/\/schema.org","@graph":[{"@type":"WebPage","@id":"https:\/\/cieacova.com\/?page_id=4795","url":"https:\/\/cieacova.com\/?page_id=4795","name":"Proves de gener de 2022 - CIEACOVA","isPartOf":{"@id":"https:\/\/cieacova.com\/#website"},"datePublished":"2022-04-26T11:42:57+00:00","dateModified":"2022-04-26T11:54:49+00:00","breadcrumb":{"@id":"https:\/\/cieacova.com\/?page_id=4795#breadcrumb"},"inLanguage":"ca","potentialAction":[{"@type":"ReadAction","target":["https:\/\/cieacova.com\/?page_id=4795"]}]},{"@type":"BreadcrumbList","@id":"https:\/\/cieacova.com\/?page_id=4795#breadcrumb","itemListElement":[{"@type":"ListItem","position":1,"name":"Inici","item":"https:\/\/cieacova.com\/"},{"@type":"ListItem","position":2,"name":"Proves de gener de 2022"}]},{"@type":"WebSite","@id":"https:\/\/cieacova.com\/#website","url":"https:\/\/cieacova.com\/","name":"CIEACOVA","description":"P\u00e0gina del CIEACOVA","potentialAction":[{"@type":"SearchAction","target":{"@type":"EntryPoint","urlTemplate":"https:\/\/cieacova.com\/?s={search_term_string}"},"query-input":{"@type":"PropertyValueSpecification","valueRequired":true,"valueName":"search_term_string"}}],"inLanguage":"ca"}]}},"_links":{"self":[{"href":"https:\/\/cieacova.com\/index.php?rest_route=\/wp\/v2\/pages\/4795","targetHints":{"allow":["GET"]}}],"collection":[{"href":"https:\/\/cieacova.com\/index.php?rest_route=\/wp\/v2\/pages"}],"about":[{"href":"https:\/\/cieacova.com\/index.php?rest_route=\/wp\/v2\/types\/page"}],"author":[{"embeddable":true,"href":"https:\/\/cieacova.com\/index.php?rest_route=\/wp\/v2\/users\/55777"}],"replies":[{"embeddable":true,"href":"https:\/\/cieacova.com\/index.php?rest_route=%2Fwp%2Fv2%2Fcomments&post=4795"}],"version-history":[{"count":3,"href":"https:\/\/cieacova.com\/index.php?rest_route=\/wp\/v2\/pages\/4795\/revisions"}],"predecessor-version":[{"id":4923,"href":"https:\/\/cieacova.com\/index.php?rest_route=\/wp\/v2\/pages\/4795\/revisions\/4923"}],"wp:attachment":[{"href":"https:\/\/cieacova.com\/index.php?rest_route=%2Fwp%2Fv2%2Fmedia&parent=4795"}],"curies":[{"name":"wp","href":"https:\/\/api.w.org\/{rel}","templated":true}]}}