{"id":4921,"date":"2022-07-04T12:51:22","date_gmt":"2022-07-04T11:51:22","guid":{"rendered":"https:\/\/cieacova.com\/?page_id=4921"},"modified":"2022-07-25T08:33:35","modified_gmt":"2022-07-25T07:33:35","slug":"proves-de-maig-juny-de-2022","status":"publish","type":"page","link":"https:\/\/cieacova.com\/?page_id=4921","title":{"rendered":"Proves de maig-juny de 2022"},"content":{"rendered":"<table style=\"height: 645px\" width=\"857\">\n<tbody>\n<tr>\n<td>\u00a0<\/td>\n<td style=\"text-align: center\">PROVES<\/td>\n<td style=\"text-align: center\">QUADERN DE RESPOSTES<\/td>\n<td style=\"text-align: center\">SOLUCIONARIS<\/td>\n<td>\n<p style=\"text-align: center\">\u00c0UDIOS<\/p>\n<\/td>\n<td>\n<p style=\"text-align: center\">TEXTOS D&#8217;EXPRESSI\u00d3<br \/>ORAL I MEDIACI\u00d3<\/p>\n<\/td>\n<\/tr>\n<tr>\n<td>A2 (B\u00e0sic)<\/td>\n<td style=\"text-align: center\"><a href=\"https:\/\/cieacova.webs.upv.es\/wp-content\/uploads\/2022\/07\/A2_QE_MAIG-JUNY22.pdf\">A2_QE_MAIG-JUNY22<\/a><\/td>\n<td style=\"text-align: center\"><a href=\"https:\/\/cieacova.webs.upv.es\/wp-content\/uploads\/2022\/07\/A2_QR_MAIG-JUNY22.pdf\">A2_QR_MAIG-JUNY22<\/a><\/td>\n<td style=\"text-align: center\"><a href=\"https:\/\/cieacova.webs.upv.es\/wp-content\/uploads\/2022\/07\/A2_SOLUCIONARI_MAIG_JUNY_22.pdf\">A2_SOLUCIONARI_MAIG_JUNY_22<\/a><\/td>\n<td style=\"width: 50%\">\n<audio class=\"wp-audio-shortcode\" id=\"audio-4921-1\" preload=\"none\" style=\"width: 100%;\" controls=\"controls\"><source type=\"audio\/mpeg\" src=\"https:\/\/cieacova.webs.upv.es\/wp-content\/uploads\/2022\/07\/PROVA-VALENCIA_NIVELL-A2.mp3?_=1\" \/><a href=\"https:\/\/cieacova.webs.upv.es\/wp-content\/uploads\/2022\/07\/PROVA-VALENCIA_NIVELL-A2.mp3\">https:\/\/cieacova.webs.upv.es\/wp-content\/uploads\/2022\/07\/PROVA-VALENCIA_NIVELL-A2.mp3<\/a><\/audio>\n<\/td>\n<td>\n<p><a href=\"https:\/\/cieacova.webs.upv.es\/wp-content\/uploads\/2022\/07\/A2_EO_01_MAIG_JUNY_2022.pdf\">A2_EO_01_MAIG_JUNY_2022<\/a><\/p>\n<p><a href=\"https:\/\/cieacova.webs.upv.es\/wp-content\/uploads\/2022\/07\/A2_EO_02_MAIG_JUNY_2022.pdf\">A2_EO_02_MAIG_JUNY_2022<\/a><\/p>\n<p><a href=\"https:\/\/cieacova.webs.upv.es\/wp-content\/uploads\/2022\/07\/A2_EO_03_MAIG_JUNY_2022.pdf\">A2_EO_03_MAIG_JUNY_2022<\/a><\/p>\n<p><a href=\"https:\/\/cieacova.webs.upv.es\/wp-content\/uploads\/2022\/07\/A2_EO_04_MAIG_JUNY_2022.pdf\">A2_EO_04_MAIG_JUNY_2022<\/a><\/p>\n<\/td>\n<\/tr>\n<tr>\n<td>B1 (Elemental)<\/td>\n<td style=\"text-align: center\"><a href=\"https:\/\/cieacova.webs.upv.es\/wp-content\/uploads\/2022\/07\/AF_B1_QE_MAIG_JUNY_2022.pdf\">B1_QE_MAIG_JUNY_2022<\/a><\/td>\n<td style=\"text-align: center\"><a href=\"https:\/\/cieacova.webs.upv.es\/wp-content\/uploads\/2022\/07\/AF_B1_QR_MAIG_JUNY_2022.pdf\">B1_QR_MAIG_JUNY_2022<\/a><\/td>\n<td style=\"text-align: center\"><a href=\"https:\/\/cieacova.webs.upv.es\/wp-content\/uploads\/2022\/07\/B1_SOLUCIONARI_MAIG_JUNY_22.pdf\">B1_SOLUCIONARI_MAIG_JUNY_22<\/a><\/td>\n<td>\n<audio class=\"wp-audio-shortcode\" id=\"audio-4921-2\" preload=\"none\" style=\"width: 100%;\" controls=\"controls\"><source type=\"audio\/mpeg\" src=\"https:\/\/cieacova.webs.upv.es\/wp-content\/uploads\/2022\/07\/PROVA-VALENCIA_NIVELL-B1.mp3?_=2\" \/><a href=\"https:\/\/cieacova.webs.upv.es\/wp-content\/uploads\/2022\/07\/PROVA-VALENCIA_NIVELL-B1.mp3\">https:\/\/cieacova.webs.upv.es\/wp-content\/uploads\/2022\/07\/PROVA-VALENCIA_NIVELL-B1.mp3<\/a><\/audio>\n<\/td>\n<td style=\"text-align: center;width: 30%\">\n<p><a href=\"https:\/\/cieacova.webs.upv.es\/wp-content\/uploads\/2022\/07\/B1_EO_01_MAIG_JUNY_2022.pdf\">B1_EO_01_MAIG_JUNY_2022<\/a><\/p>\n<p><a href=\"https:\/\/cieacova.webs.upv.es\/wp-content\/uploads\/2022\/07\/B1_EO_02_MAIG_JUNY_2022.pdf\">B1_EO_02_MAIG_JUNY_2022<\/a><\/p>\n<p><a href=\"https:\/\/cieacova.webs.upv.es\/wp-content\/uploads\/2022\/07\/B1_EO_03_MAIG_JUNY_2022.pdf\">B1_EO_03_MAIG_JUNY_2022<\/a><\/p>\n<\/td>\n<\/tr>\n<tr>\n<td>B2 (Intermedi)<\/td>\n<td style=\"text-align: center\"><a href=\"https:\/\/cieacova.webs.upv.es\/wp-content\/uploads\/2022\/07\/AF_B2_QE_MAIG_JUNY_2022.pdf\">B2_QE_MAIG_JUNY_2022<\/a><\/td>\n<td style=\"text-align: center\"><a href=\"https:\/\/cieacova.webs.upv.es\/wp-content\/uploads\/2022\/07\/AF_B2_QR_MAIG_JUNY_2022.pdf\">B2_QR_MAIG_JUNY_2022<\/a><\/td>\n<td style=\"text-align: center\"><a href=\"https:\/\/cieacova.webs.upv.es\/wp-content\/uploads\/2022\/07\/B2_SOLUCIONARI_MAIG-JUNY_22.pdf\">B2_SOLUCIONARI_MAIG-JUNY_22<\/a><\/td>\n<td>\n<audio class=\"wp-audio-shortcode\" id=\"audio-4921-3\" preload=\"none\" style=\"width: 100%;\" controls=\"controls\"><source type=\"audio\/mpeg\" src=\"https:\/\/cieacova.webs.upv.es\/wp-content\/uploads\/2022\/07\/PROVA-VALENCIA_NIVELL-B2.mp3?_=3\" \/><a href=\"https:\/\/cieacova.webs.upv.es\/wp-content\/uploads\/2022\/07\/PROVA-VALENCIA_NIVELL-B2.mp3\">https:\/\/cieacova.webs.upv.es\/wp-content\/uploads\/2022\/07\/PROVA-VALENCIA_NIVELL-B2.mp3<\/a><\/audio>\n<\/td>\n<td style=\"text-align: center;width: 30%\">\n<p><a href=\"https:\/\/cieacova.webs.upv.es\/wp-content\/uploads\/2022\/07\/B2_EO_P01_MAIG_JUNY_2022_01.pdf\">B2_EO_P01_MAIG_JUNY_2022_01<\/a><\/p>\n<p><a href=\"https:\/\/cieacova.webs.upv.es\/wp-content\/uploads\/2022\/07\/B2_EO_P02_MAIG_JUNY_2022_02.pdf\">B2_EO_P02_MAIG_JUNY_2022_01<\/a><\/p>\n<p><a href=\"https:\/\/cieacova.webs.upv.es\/wp-content\/uploads\/2022\/07\/B2_EO_P03_MAIG_JUNY_2022_03.pdf\">B2_EO_P03_MAIG_JUNY_2022_01<\/a><\/p>\n<p><a href=\"https:\/\/cieacova.webs.upv.es\/wp-content\/uploads\/2022\/07\/B2_EO_P04_MAIG_JUNY_2022_04.pdf\">B2_EO_P04_MAIG_JUNY_2022_01<\/a><\/p>\n<p><a href=\"https:\/\/cieacova.webs.upv.es\/wp-content\/uploads\/2022\/07\/B2_EO_P05_MAIG_JUNY_2022_05.pdf\">B2_EO_P05_MAIG_JUNY_2022_01<\/a><\/p>\n<p><a href=\"https:\/\/cieacova.webs.upv.es\/wp-content\/uploads\/2022\/07\/B2_EO_P06_MAIG_JUNY_2022_06.pdf\">B2_EO_P06_MAIG_JUNY_2022_01<\/a><\/p>\n<\/td>\n<\/tr>\n<tr>\n<td>C1 (Sufici\u00e8ncia)<\/td>\n<td style=\"text-align: center\"><a href=\"https:\/\/cieacova.webs.upv.es\/wp-content\/uploads\/2022\/07\/AF_C1_QE_MAIG_JUNY_2022.pdf\">C1_QE_MAIG_JUNY_2022<\/a><\/td>\n<td style=\"text-align: center\">\n<p><a href=\"https:\/\/cieacova.webs.upv.es\/wp-content\/uploads\/2022\/07\/C1_PLR1_JUNY22.pdf\">C1_PLR1_JUNY22<\/a><\/p>\n<p><a href=\"https:\/\/cieacova.webs.upv.es\/wp-content\/uploads\/2022\/07\/C1_PLR2_JUNY22.pdf\">C1_PLR2_JUNY22<\/a><\/p>\n<\/td>\n<td style=\"text-align: center\">\n<p><a href=\"https:\/\/cieacova.webs.upv.es\/wp-content\/uploads\/2022\/07\/C1_SOLUCIONARI_MAIG-JUNY_22_AREA_CGL.pdf\">C1_SOLUCIONARI_MAIG-JUNY_22_AREA_CGL<\/a><\/p>\n<p><a href=\"https:\/\/cieacova.webs.upv.es\/wp-content\/uploads\/2022\/07\/C1_SOLUCIONARI_MAIG-JUNY_22_AREA_COMiEE.pdf\">C1_SOLUCIONARI_MAIG-JUNY_22_AREA_COMiEE<\/a><\/p>\n<\/td>\n<td>\n<audio class=\"wp-audio-shortcode\" id=\"audio-4921-4\" preload=\"none\" style=\"width: 100%;\" controls=\"controls\"><source type=\"audio\/mpeg\" src=\"https:\/\/cieacova.webs.upv.es\/wp-content\/uploads\/2022\/07\/PROVA-VALENCIA_NIVELL-C1.mp3?_=4\" \/><a href=\"https:\/\/cieacova.webs.upv.es\/wp-content\/uploads\/2022\/07\/PROVA-VALENCIA_NIVELL-C1.mp3\">https:\/\/cieacova.webs.upv.es\/wp-content\/uploads\/2022\/07\/PROVA-VALENCIA_NIVELL-C1.mp3<\/a><\/audio>\n<\/td>\n<td style=\"text-align: center;width: 30%\">\n<p><a href=\"https:\/\/cieacova.webs.upv.es\/wp-content\/uploads\/2022\/07\/C1_EO_P01_MAIG_JUNY_2022.pdf\">C1_EO_P01_MAIG_JUNY_2022<\/a><\/p>\n<p><a href=\"https:\/\/cieacova.webs.upv.es\/wp-content\/uploads\/2022\/07\/C1_EO_P02_MAIG_JUNY_2022.pdf\">C1_EO_P02_MAIG_JUNY_2022<\/a><\/p>\n<p><a href=\"https:\/\/cieacova.webs.upv.es\/wp-content\/uploads\/2022\/07\/C1_EO_P03_MAIG_JUNY_2022.pdf\">C1_EO_P03_MAIG_JUNY_2022<\/a><\/p>\n<p><a href=\"https:\/\/cieacova.webs.upv.es\/wp-content\/uploads\/2022\/07\/C1_EO_P04_MAIG_JUNY_2022.pdf\">C1_EO_P04_MAIG_JUNY_2022<\/a><\/p>\n<p><a href=\"https:\/\/cieacova.webs.upv.es\/wp-content\/uploads\/2022\/07\/C1_EO_P05_MAIG_JUNY_2022.pdf\">C1_EO_P05_MAIG_JUNY_2022<\/a><\/p>\n<p><a href=\"https:\/\/cieacova.webs.upv.es\/wp-content\/uploads\/2022\/07\/C1_EO_P06_MAIG_JUNY_2022.pdf\">C1_EO_P06_MAIG_JUNY_2022<\/a><\/p>\n<p><a href=\"https:\/\/cieacova.webs.upv.es\/wp-content\/uploads\/2022\/07\/C1_EO_P07_MAIG_JUNY_2022.pdf\">C1_EO_P07_MAIG_JUNY_2022<\/a><\/p>\n<p><a href=\"https:\/\/cieacova.webs.upv.es\/wp-content\/uploads\/2022\/07\/C1_EO_P08_MAIG_JUNY_2022.pdf\">C1_EO_P08_MAIG_JUNY_2022<\/a><\/p>\n<p><a href=\"https:\/\/cieacova.webs.upv.es\/wp-content\/uploads\/2022\/07\/C1_EO_P09_MAIG_JUNY_2022.pdf\">C1_EO_P09_MAIG_JUNY_2022<\/a><\/p>\n<p><a href=\"https:\/\/cieacova.webs.upv.es\/wp-content\/uploads\/2022\/07\/C1_EO_P10_MAIG_JUNY_2022.pdf\">C1_EO_P10_MAIG_JUNY_2022<\/a><\/p>\n<p><a href=\"https:\/\/cieacova.webs.upv.es\/wp-content\/uploads\/2022\/07\/C1_EO_P11_MAIG_JUNY_2022.pdf\">C1_EO_P11_MAIG_JUNY_2022<\/a><\/p>\n<p><a href=\"https:\/\/cieacova.webs.upv.es\/wp-content\/uploads\/2022\/07\/C1_EO_P12_MAIG_JUNY_2022.pdf\">C1_EO_P12_MAIG_JUNY_2022<\/a><\/p>\n<\/td>\n<\/tr>\n<tr>\n<td>C2 (Superior)<\/td>\n<td style=\"text-align: center\"><a href=\"https:\/\/cieacova.webs.upv.es\/wp-content\/uploads\/2022\/07\/AF_C2_QE_JUNY_2022.pdf\">C2_QE_MAIG_JUNY_2022<\/a><\/td>\n<td style=\"text-align: center\">\n<p><a href=\"https:\/\/cieacova.webs.upv.es\/wp-content\/uploads\/2022\/07\/C2_PLR1_JUNY22.pdf\">C2_PLR1_JUNY22<\/a><\/p>\n<p><a href=\"https:\/\/cieacova.webs.upv.es\/wp-content\/uploads\/2022\/07\/C2_PLR2_JUNY22.pdf\">C2_PLR2_JUNY22<\/a><\/p>\n<\/td>\n<td style=\"text-align: center\">\n<p><a href=\"https:\/\/cieacova.webs.upv.es\/wp-content\/uploads\/2022\/07\/C2_SOLUCIONARI_MAIG-JUNY_22_AREA_CGL.pdf\">C2_SOLUCIONARI_MAIG-JUNY_22_AREA_CGL<\/a><\/p>\n<p><a href=\"https:\/\/cieacova.webs.upv.es\/wp-content\/uploads\/2022\/07\/C2_SOLUCIONARI_MAIG-JUNY_22_AREA_COMiEE.pdf\">C2_SOLUCIONARI_MAIG-JUNY_22_AREA_COMiEE<\/a><\/p>\n<\/td>\n<td>\n<audio class=\"wp-audio-shortcode\" id=\"audio-4921-5\" preload=\"none\" style=\"width: 100%;\" controls=\"controls\"><source type=\"audio\/mpeg\" src=\"https:\/\/cieacova.webs.upv.es\/wp-content\/uploads\/2022\/07\/PROVA-VALENCIA_NIVELL-C2.mp3?_=5\" \/><a href=\"https:\/\/cieacova.webs.upv.es\/wp-content\/uploads\/2022\/07\/PROVA-VALENCIA_NIVELL-C2.mp3\">https:\/\/cieacova.webs.upv.es\/wp-content\/uploads\/2022\/07\/PROVA-VALENCIA_NIVELL-C2.mp3<\/a><\/audio>\n<\/td>\n<td style=\"text-align: center;width: 30%\">\n<p><a href=\"https:\/\/cieacova.webs.upv.es\/wp-content\/uploads\/2022\/07\/AF_C2_MO_01_MAIG_JUNY_2022.pdf\">C2_MO_01_MAIG_JUNY_2022<\/a><\/p>\n<p><a href=\"https:\/\/cieacova.webs.upv.es\/wp-content\/uploads\/2022\/07\/AF_C2_MO_02_MAIG_JUNY_2022.pdf\">C2_MO_02_MAIG_JUNY_2022<\/a><\/p>\n<p><a href=\"https:\/\/cieacova.webs.upv.es\/wp-content\/uploads\/2022\/07\/AF_C2_MO_03_MAIG_JUNY_2022.pdf\">C2_MO_03_MAIG_JUNY_2022<\/a><\/p>\n<p><a href=\"https:\/\/cieacova.webs.upv.es\/wp-content\/uploads\/2022\/07\/AF_C2_MO_04_MAIG_JUNY_2022.pdf\">C2_MO_04_MAIG_JUNY_2022<\/a><\/p>\n<p><a href=\"https:\/\/cieacova.webs.upv.es\/wp-content\/uploads\/2022\/07\/AF_C2_MO_05_MAIG_JUNY_2022.pdf\">C2_MO_05_MAIG_JUNY_2022<\/a><\/p>\n<p><a href=\"https:\/\/cieacova.webs.upv.es\/wp-content\/uploads\/2022\/07\/AF_C2_MO_06_MAIG_JUNY_2022.pdf\">C2_MO_06_MAIG_JUNY_2022<\/a><\/p>\n<p><a href=\"https:\/\/cieacova.webs.upv.es\/wp-content\/uploads\/2022\/07\/AF_C2_MO_07_MAIG_JUNY_2022.pdf\">C2_MO_07_MAIG_JUNY_2022<\/a><\/p>\n<p><a href=\"https:\/\/cieacova.webs.upv.es\/wp-content\/uploads\/2022\/07\/AF_C2_MO_08_MAIG_JUNY_2022.pdf\">C2_MO_08_MAIG_JUNY_2022<\/a><\/p>\n<\/td>\n<\/tr>\n<\/tbody>\n<\/table>\n<p>Per poder escoltar l&#8217;\u00e0udio dins del pdf, cal descarregar-lo i obrir-lo fora del navegador web.<\/p>\n\n\n<p><\/p>\n","protected":false},"excerpt":{"rendered":"<p>\u00a0 PROVES QUADERN DE RESPOSTES SOLUCIONARIS \u00c0UDIOS TEXTOS D&#8217;EXPRESSI\u00d3ORAL I MEDIACI\u00d3 A2 (B\u00e0sic) A2_QE_MAIG-JUNY22 A2_QR_MAIG-JUNY22 A2_SOLUCIONARI_MAIG_JUNY_22 A2_EO_01_MAIG_JUNY_2022 A2_EO_02_MAIG_JUNY_2022 A2_EO_03_MAIG_JUNY_2022 A2_EO_04_MAIG_JUNY_2022 B1 (Elemental) B1_QE_MAIG_JUNY_2022 B1_QR_MAIG_JUNY_2022 B1_SOLUCIONARI_MAIG_JUNY_22 B1_EO_01_MAIG_JUNY_2022 B1_EO_02_MAIG_JUNY_2022 B1_EO_03_MAIG_JUNY_2022 B2 (Intermedi) B2_QE_MAIG_JUNY_2022 B2_QR_MAIG_JUNY_2022 B2_SOLUCIONARI_MAIG-JUNY_22 B2_EO_P01_MAIG_JUNY_2022_01 B2_EO_P02_MAIG_JUNY_2022_01 B2_EO_P03_MAIG_JUNY_2022_01 B2_EO_P04_MAIG_JUNY_2022_01 B2_EO_P05_MAIG_JUNY_2022_01 B2_EO_P06_MAIG_JUNY_2022_01 C1 (Sufici\u00e8ncia) C1_QE_MAIG_JUNY_2022 C1_PLR1_JUNY22 C1_PLR2_JUNY22 C1_SOLUCIONARI_MAIG-JUNY_22_AREA_CGL C1_SOLUCIONARI_MAIG-JUNY_22_AREA_COMiEE C1_EO_P01_MAIG_JUNY_2022 C1_EO_P02_MAIG_JUNY_2022 C1_EO_P03_MAIG_JUNY_2022 C1_EO_P04_MAIG_JUNY_2022 C1_EO_P05_MAIG_JUNY_2022 C1_EO_P06_MAIG_JUNY_2022 C1_EO_P07_MAIG_JUNY_2022 C1_EO_P08_MAIG_JUNY_2022 C1_EO_P09_MAIG_JUNY_2022&hellip;<\/p>\n","protected":false},"author":55777,"featured_media":0,"parent":0,"menu_order":0,"comment_status":"closed","ping_status":"closed","template":"","meta":{"footnotes":""},"class_list":["post-4921","page","type-page","status-publish","hentry"],"yoast_head":"<!-- This site is optimized with the Yoast SEO plugin v27.5 - https:\/\/yoast.com\/product\/yoast-seo-wordpress\/ -->\n<title>Proves de maig-juny de 2022 - CIEACOVA<\/title>\n<meta name=\"robots\" content=\"index, follow, max-snippet:-1, max-image-preview:large, max-video-preview:-1\" \/>\n<link rel=\"canonical\" href=\"https:\/\/cieacova.com\/?page_id=4921\" \/>\n<meta property=\"og:locale\" content=\"ca_ES\" \/>\n<meta property=\"og:type\" content=\"article\" \/>\n<meta property=\"og:title\" content=\"Proves de maig-juny de 2022 - CIEACOVA\" \/>\n<meta property=\"og:description\" content=\"\u00a0 PROVES QUADERN DE RESPOSTES SOLUCIONARIS \u00c0UDIOS TEXTOS D&#8217;EXPRESSI\u00d3ORAL I MEDIACI\u00d3 A2 (B\u00e0sic) A2_QE_MAIG-JUNY22 A2_QR_MAIG-JUNY22 A2_SOLUCIONARI_MAIG_JUNY_22 A2_EO_01_MAIG_JUNY_2022 A2_EO_02_MAIG_JUNY_2022 A2_EO_03_MAIG_JUNY_2022 A2_EO_04_MAIG_JUNY_2022 B1 (Elemental) B1_QE_MAIG_JUNY_2022 B1_QR_MAIG_JUNY_2022 B1_SOLUCIONARI_MAIG_JUNY_22 B1_EO_01_MAIG_JUNY_2022 B1_EO_02_MAIG_JUNY_2022 B1_EO_03_MAIG_JUNY_2022 B2 (Intermedi) B2_QE_MAIG_JUNY_2022 B2_QR_MAIG_JUNY_2022 B2_SOLUCIONARI_MAIG-JUNY_22 B2_EO_P01_MAIG_JUNY_2022_01 B2_EO_P02_MAIG_JUNY_2022_01 B2_EO_P03_MAIG_JUNY_2022_01 B2_EO_P04_MAIG_JUNY_2022_01 B2_EO_P05_MAIG_JUNY_2022_01 B2_EO_P06_MAIG_JUNY_2022_01 C1 (Sufici\u00e8ncia) C1_QE_MAIG_JUNY_2022 C1_PLR1_JUNY22 C1_PLR2_JUNY22 C1_SOLUCIONARI_MAIG-JUNY_22_AREA_CGL C1_SOLUCIONARI_MAIG-JUNY_22_AREA_COMiEE C1_EO_P01_MAIG_JUNY_2022 C1_EO_P02_MAIG_JUNY_2022 C1_EO_P03_MAIG_JUNY_2022 C1_EO_P04_MAIG_JUNY_2022 C1_EO_P05_MAIG_JUNY_2022 C1_EO_P06_MAIG_JUNY_2022 C1_EO_P07_MAIG_JUNY_2022 C1_EO_P08_MAIG_JUNY_2022 C1_EO_P09_MAIG_JUNY_2022&hellip;\" \/>\n<meta property=\"og:url\" content=\"https:\/\/cieacova.com\/?page_id=4921\" \/>\n<meta property=\"og:site_name\" content=\"CIEACOVA\" \/>\n<meta property=\"article:modified_time\" content=\"2022-07-25T07:33:35+00:00\" \/>\n<meta name=\"twitter:card\" content=\"summary_large_image\" \/>\n<meta name=\"twitter:label1\" content=\"Temps estimat de lectura\" \/>\n\t<meta name=\"twitter:data1\" content=\"2 minuts\" \/>\n<script type=\"application\/ld+json\" class=\"yoast-schema-graph\">{\"@context\":\"https:\\\/\\\/schema.org\",\"@graph\":[{\"@type\":\"WebPage\",\"@id\":\"https:\\\/\\\/cieacova.com\\\/?page_id=4921\",\"url\":\"https:\\\/\\\/cieacova.com\\\/?page_id=4921\",\"name\":\"Proves de maig-juny de 2022 - CIEACOVA\",\"isPartOf\":{\"@id\":\"https:\\\/\\\/cieacova.com\\\/#website\"},\"datePublished\":\"2022-07-04T11:51:22+00:00\",\"dateModified\":\"2022-07-25T07:33:35+00:00\",\"breadcrumb\":{\"@id\":\"https:\\\/\\\/cieacova.com\\\/?page_id=4921#breadcrumb\"},\"inLanguage\":\"ca\",\"potentialAction\":[{\"@type\":\"ReadAction\",\"target\":[\"https:\\\/\\\/cieacova.com\\\/?page_id=4921\"]}]},{\"@type\":\"BreadcrumbList\",\"@id\":\"https:\\\/\\\/cieacova.com\\\/?page_id=4921#breadcrumb\",\"itemListElement\":[{\"@type\":\"ListItem\",\"position\":1,\"name\":\"Inici\",\"item\":\"https:\\\/\\\/cieacova.com\\\/\"},{\"@type\":\"ListItem\",\"position\":2,\"name\":\"Proves de maig-juny de 2022\"}]},{\"@type\":\"WebSite\",\"@id\":\"https:\\\/\\\/cieacova.com\\\/#website\",\"url\":\"https:\\\/\\\/cieacova.com\\\/\",\"name\":\"CIEACOVA\",\"description\":\"P\u00e0gina del CIEACOVA\",\"potentialAction\":[{\"@type\":\"SearchAction\",\"target\":{\"@type\":\"EntryPoint\",\"urlTemplate\":\"https:\\\/\\\/cieacova.com\\\/?s={search_term_string}\"},\"query-input\":{\"@type\":\"PropertyValueSpecification\",\"valueRequired\":true,\"valueName\":\"search_term_string\"}}],\"inLanguage\":\"ca\"}]}<\/script>\n<!-- \/ Yoast SEO plugin. -->","yoast_head_json":{"title":"Proves de maig-juny de 2022 - CIEACOVA","robots":{"index":"index","follow":"follow","max-snippet":"max-snippet:-1","max-image-preview":"max-image-preview:large","max-video-preview":"max-video-preview:-1"},"canonical":"https:\/\/cieacova.com\/?page_id=4921","og_locale":"ca_ES","og_type":"article","og_title":"Proves de maig-juny de 2022 - CIEACOVA","og_description":"\u00a0 PROVES QUADERN DE RESPOSTES SOLUCIONARIS \u00c0UDIOS TEXTOS D&#8217;EXPRESSI\u00d3ORAL I MEDIACI\u00d3 A2 (B\u00e0sic) A2_QE_MAIG-JUNY22 A2_QR_MAIG-JUNY22 A2_SOLUCIONARI_MAIG_JUNY_22 A2_EO_01_MAIG_JUNY_2022 A2_EO_02_MAIG_JUNY_2022 A2_EO_03_MAIG_JUNY_2022 A2_EO_04_MAIG_JUNY_2022 B1 (Elemental) B1_QE_MAIG_JUNY_2022 B1_QR_MAIG_JUNY_2022 B1_SOLUCIONARI_MAIG_JUNY_22 B1_EO_01_MAIG_JUNY_2022 B1_EO_02_MAIG_JUNY_2022 B1_EO_03_MAIG_JUNY_2022 B2 (Intermedi) B2_QE_MAIG_JUNY_2022 B2_QR_MAIG_JUNY_2022 B2_SOLUCIONARI_MAIG-JUNY_22 B2_EO_P01_MAIG_JUNY_2022_01 B2_EO_P02_MAIG_JUNY_2022_01 B2_EO_P03_MAIG_JUNY_2022_01 B2_EO_P04_MAIG_JUNY_2022_01 B2_EO_P05_MAIG_JUNY_2022_01 B2_EO_P06_MAIG_JUNY_2022_01 C1 (Sufici\u00e8ncia) C1_QE_MAIG_JUNY_2022 C1_PLR1_JUNY22 C1_PLR2_JUNY22 C1_SOLUCIONARI_MAIG-JUNY_22_AREA_CGL C1_SOLUCIONARI_MAIG-JUNY_22_AREA_COMiEE C1_EO_P01_MAIG_JUNY_2022 C1_EO_P02_MAIG_JUNY_2022 C1_EO_P03_MAIG_JUNY_2022 C1_EO_P04_MAIG_JUNY_2022 C1_EO_P05_MAIG_JUNY_2022 C1_EO_P06_MAIG_JUNY_2022 C1_EO_P07_MAIG_JUNY_2022 C1_EO_P08_MAIG_JUNY_2022 C1_EO_P09_MAIG_JUNY_2022&hellip;","og_url":"https:\/\/cieacova.com\/?page_id=4921","og_site_name":"CIEACOVA","article_modified_time":"2022-07-25T07:33:35+00:00","twitter_card":"summary_large_image","twitter_misc":{"Temps estimat de lectura":"2 minuts"},"schema":{"@context":"https:\/\/schema.org","@graph":[{"@type":"WebPage","@id":"https:\/\/cieacova.com\/?page_id=4921","url":"https:\/\/cieacova.com\/?page_id=4921","name":"Proves de maig-juny de 2022 - CIEACOVA","isPartOf":{"@id":"https:\/\/cieacova.com\/#website"},"datePublished":"2022-07-04T11:51:22+00:00","dateModified":"2022-07-25T07:33:35+00:00","breadcrumb":{"@id":"https:\/\/cieacova.com\/?page_id=4921#breadcrumb"},"inLanguage":"ca","potentialAction":[{"@type":"ReadAction","target":["https:\/\/cieacova.com\/?page_id=4921"]}]},{"@type":"BreadcrumbList","@id":"https:\/\/cieacova.com\/?page_id=4921#breadcrumb","itemListElement":[{"@type":"ListItem","position":1,"name":"Inici","item":"https:\/\/cieacova.com\/"},{"@type":"ListItem","position":2,"name":"Proves de maig-juny de 2022"}]},{"@type":"WebSite","@id":"https:\/\/cieacova.com\/#website","url":"https:\/\/cieacova.com\/","name":"CIEACOVA","description":"P\u00e0gina del CIEACOVA","potentialAction":[{"@type":"SearchAction","target":{"@type":"EntryPoint","urlTemplate":"https:\/\/cieacova.com\/?s={search_term_string}"},"query-input":{"@type":"PropertyValueSpecification","valueRequired":true,"valueName":"search_term_string"}}],"inLanguage":"ca"}]}},"_links":{"self":[{"href":"https:\/\/cieacova.com\/index.php?rest_route=\/wp\/v2\/pages\/4921","targetHints":{"allow":["GET"]}}],"collection":[{"href":"https:\/\/cieacova.com\/index.php?rest_route=\/wp\/v2\/pages"}],"about":[{"href":"https:\/\/cieacova.com\/index.php?rest_route=\/wp\/v2\/types\/page"}],"author":[{"embeddable":true,"href":"https:\/\/cieacova.com\/index.php?rest_route=\/wp\/v2\/users\/55777"}],"replies":[{"embeddable":true,"href":"https:\/\/cieacova.com\/index.php?rest_route=%2Fwp%2Fv2%2Fcomments&post=4921"}],"version-history":[{"count":3,"href":"https:\/\/cieacova.com\/index.php?rest_route=\/wp\/v2\/pages\/4921\/revisions"}],"predecessor-version":[{"id":5345,"href":"https:\/\/cieacova.com\/index.php?rest_route=\/wp\/v2\/pages\/4921\/revisions\/5345"}],"wp:attachment":[{"href":"https:\/\/cieacova.com\/index.php?rest_route=%2Fwp%2Fv2%2Fmedia&parent=4921"}],"curies":[{"name":"wp","href":"https:\/\/api.w.org\/{rel}","templated":true}]}}