{"id":61,"date":"2015-11-12T13:08:11","date_gmt":"2015-11-12T12:08:11","guid":{"rendered":"http:\/\/cieacova.blogs.upv.es\/?page_id=61"},"modified":"2024-03-21T10:47:56","modified_gmt":"2024-03-21T09:47:56","slug":"61","status":"publish","type":"page","link":"https:\/\/cieacova.com\/?page_id=61","title":{"rendered":"Antecedents"},"content":{"rendered":"<p style=\"font-size: 19px\"><b>Convenis<\/b><\/p>\n<hr size=\"2\" \/>\n<p>El 2008 la Universitat de Val\u00e8ncia-Estudi General, la Universitat Polit\u00e8cnica de Val\u00e8ncia, la Universitat d\u2019Alacant, la Universitat Jaume I de Castell\u00f3 i la Universitat Miguel Hern\u00e1ndez d\u2019Elx signen un conveni per a l\u2019homologaci\u00f3 dels certificats de valenci\u00e0 expedits pels respectius serveis ling\u00fc\u00edstics.<\/p>\n<p>El 25 de febrer de 2015 es modifica parcialment el conveni i s\u2019hi incorporen la Universitat Cardenal Herrera-CEU i la Universitat Cat\u00f2lica de Val\u00e8ncia-Sant Vicent M\u00e0rtir. Arran d\u2019aquesta modificaci\u00f3, el 22 de setembre de 2015 es constitueix la Comissi\u00f3 Interuniversit\u00e0ria d\u2019Estandarditzaci\u00f3 d\u2019Acreditacions de Coneixements de Valenci\u00e0 (CIEACOVA), formada per personal t\u00e8cnic dels serveis ling\u00fc\u00edstics de les universitats signants.<\/p>\n<p style=\"font-size: 19px\"><b>Constituci\u00f3 de la Comissi\u00f3 Interuniversit\u00e0ria d\u2019Estandarditzaci\u00f3 d\u2019Acreditacions de Coneixements de Valenci\u00e0 (CIEACOVA)<\/b><\/p>\n<hr size=\"2\" \/>\n<p>El 22 de setembre del 2015 es va reunir a Alacant el Ple de la Comissi\u00f3 Interuniversit\u00e0ria d\u2019Estandarditzaci\u00f3 d\u2019Acreditacions de Coneixements de Valenci\u00e0 (CIEACOVA), formada per membres dels serveis ling\u00fc\u00edstics de diverses universitats valencianes, p\u00fabliques i privades, que han signat un conveni per a l\u2019homologaci\u00f3 dels certificats de valenci\u00e0 expedits pels serveis ling\u00fc\u00edstics d\u2019aquestes universitats.<\/p>\n<p>La CIEACOVA t\u00e9 com a objectius principals fixar el model d\u2019acreditaci\u00f3 d\u2019ex\u00e0mens i coordinar les proves interuniversit\u00e0ries d\u2019acreditaci\u00f3 per a obtenir els certificats de coneixements de valenci\u00e0, i elaborar i publicar el cat\u00e0leg de certificats d\u2019acreditaci\u00f3 de compet\u00e8ncia ling\u00fc\u00edstica en valenci\u00e0 emesos per les universitats signants.<\/p>\n<p>La Universitat de Val\u00e8ncia-Estudi General, la Universitat Polit\u00e8cnica de Val\u00e8ncia, la Universitat d\u2019Alacant, Universitat Jaume I de Castell\u00f3, la Universitat Miguel Hern\u00e1ndez d\u2019Elx, la Universitat Cardenal Herrera-CEU i la Universitat Cat\u00f2lica de Val\u00e8ncia \u2013 Sant Vicent M\u00e0rtir, signants del conveni i components de la CIEACOVA, treballen conjuntament per a arribar a un model de prova i de certificat comuns i homologables per la Junta Qualificadora de Coneixements de Valenci\u00e0.<\/p>\n<p><img decoding=\"async\" class=\"alignnone size-medium\" src=\"https:\/\/cieacova.webs.upv.es\/wp-content\/uploads\/2015\/11\/Acte-constituci\u00f3.jpg\" width=\"700\" \/><\/p>\n<p><strong>Assistents a la constituci\u00f3 de la CIEACOVA feta a Alacant el 22 de setembre de 2015<\/strong><\/p>\n","protected":false},"excerpt":{"rendered":"<p>Convenis El 2008 la Universitat de Val\u00e8ncia-Estudi General, la Universitat Polit\u00e8cnica de Val\u00e8ncia, la Universitat d\u2019Alacant, la Universitat Jaume I de Castell\u00f3 i la Universitat Miguel Hern\u00e1ndez d\u2019Elx signen un conveni per a l\u2019homologaci\u00f3 dels certificats de valenci\u00e0 expedits pels respectius serveis ling\u00fc\u00edstics. El 25 de febrer de 2015 es modifica parcialment el conveni i&hellip;<\/p>\n","protected":false},"author":36902,"featured_media":0,"parent":0,"menu_order":10,"comment_status":"closed","ping_status":"closed","template":"","meta":{"footnotes":""},"class_list":["post-61","page","type-page","status-publish","hentry"],"yoast_head":"<!-- This site is optimized with the Yoast SEO plugin v27.5 - https:\/\/yoast.com\/product\/yoast-seo-wordpress\/ -->\n<title>Antecedents - CIEACOVA<\/title>\n<meta name=\"robots\" content=\"index, follow, max-snippet:-1, max-image-preview:large, max-video-preview:-1\" \/>\n<link rel=\"canonical\" href=\"https:\/\/cieacova.com\/?page_id=61\" \/>\n<meta property=\"og:locale\" content=\"ca_ES\" \/>\n<meta property=\"og:type\" content=\"article\" \/>\n<meta property=\"og:title\" content=\"Antecedents - CIEACOVA\" \/>\n<meta property=\"og:description\" content=\"Convenis El 2008 la Universitat de Val\u00e8ncia-Estudi General, la Universitat Polit\u00e8cnica de Val\u00e8ncia, la Universitat d\u2019Alacant, la Universitat Jaume I de Castell\u00f3 i la Universitat Miguel Hern\u00e1ndez d\u2019Elx signen un conveni per a l\u2019homologaci\u00f3 dels certificats de valenci\u00e0 expedits pels respectius serveis ling\u00fc\u00edstics. El 25 de febrer de 2015 es modifica parcialment el conveni i&hellip;\" \/>\n<meta property=\"og:url\" content=\"https:\/\/cieacova.com\/?page_id=61\" \/>\n<meta property=\"og:site_name\" content=\"CIEACOVA\" \/>\n<meta property=\"article:modified_time\" content=\"2024-03-21T09:47:56+00:00\" \/>\n<meta name=\"twitter:card\" content=\"summary_large_image\" \/>\n<meta name=\"twitter:label1\" content=\"Temps estimat de lectura\" \/>\n\t<meta name=\"twitter:data1\" content=\"2 minuts\" \/>\n<script type=\"application\/ld+json\" class=\"yoast-schema-graph\">{\"@context\":\"https:\\\/\\\/schema.org\",\"@graph\":[{\"@type\":\"WebPage\",\"@id\":\"https:\\\/\\\/cieacova.com\\\/?page_id=61\",\"url\":\"https:\\\/\\\/cieacova.com\\\/?page_id=61\",\"name\":\"Antecedents - CIEACOVA\",\"isPartOf\":{\"@id\":\"https:\\\/\\\/cieacova.com\\\/#website\"},\"datePublished\":\"2015-11-12T12:08:11+00:00\",\"dateModified\":\"2024-03-21T09:47:56+00:00\",\"breadcrumb\":{\"@id\":\"https:\\\/\\\/cieacova.com\\\/?page_id=61#breadcrumb\"},\"inLanguage\":\"ca\",\"potentialAction\":[{\"@type\":\"ReadAction\",\"target\":[\"https:\\\/\\\/cieacova.com\\\/?page_id=61\"]}]},{\"@type\":\"BreadcrumbList\",\"@id\":\"https:\\\/\\\/cieacova.com\\\/?page_id=61#breadcrumb\",\"itemListElement\":[{\"@type\":\"ListItem\",\"position\":1,\"name\":\"Inici\",\"item\":\"https:\\\/\\\/cieacova.com\\\/\"},{\"@type\":\"ListItem\",\"position\":2,\"name\":\"Antecedents\"}]},{\"@type\":\"WebSite\",\"@id\":\"https:\\\/\\\/cieacova.com\\\/#website\",\"url\":\"https:\\\/\\\/cieacova.com\\\/\",\"name\":\"CIEACOVA\",\"description\":\"P\u00e0gina del CIEACOVA\",\"potentialAction\":[{\"@type\":\"SearchAction\",\"target\":{\"@type\":\"EntryPoint\",\"urlTemplate\":\"https:\\\/\\\/cieacova.com\\\/?s={search_term_string}\"},\"query-input\":{\"@type\":\"PropertyValueSpecification\",\"valueRequired\":true,\"valueName\":\"search_term_string\"}}],\"inLanguage\":\"ca\"}]}<\/script>\n<!-- \/ Yoast SEO plugin. -->","yoast_head_json":{"title":"Antecedents - CIEACOVA","robots":{"index":"index","follow":"follow","max-snippet":"max-snippet:-1","max-image-preview":"max-image-preview:large","max-video-preview":"max-video-preview:-1"},"canonical":"https:\/\/cieacova.com\/?page_id=61","og_locale":"ca_ES","og_type":"article","og_title":"Antecedents - CIEACOVA","og_description":"Convenis El 2008 la Universitat de Val\u00e8ncia-Estudi General, la Universitat Polit\u00e8cnica de Val\u00e8ncia, la Universitat d\u2019Alacant, la Universitat Jaume I de Castell\u00f3 i la Universitat Miguel Hern\u00e1ndez d\u2019Elx signen un conveni per a l\u2019homologaci\u00f3 dels certificats de valenci\u00e0 expedits pels respectius serveis ling\u00fc\u00edstics. El 25 de febrer de 2015 es modifica parcialment el conveni i&hellip;","og_url":"https:\/\/cieacova.com\/?page_id=61","og_site_name":"CIEACOVA","article_modified_time":"2024-03-21T09:47:56+00:00","twitter_card":"summary_large_image","twitter_misc":{"Temps estimat de lectura":"2 minuts"},"schema":{"@context":"https:\/\/schema.org","@graph":[{"@type":"WebPage","@id":"https:\/\/cieacova.com\/?page_id=61","url":"https:\/\/cieacova.com\/?page_id=61","name":"Antecedents - CIEACOVA","isPartOf":{"@id":"https:\/\/cieacova.com\/#website"},"datePublished":"2015-11-12T12:08:11+00:00","dateModified":"2024-03-21T09:47:56+00:00","breadcrumb":{"@id":"https:\/\/cieacova.com\/?page_id=61#breadcrumb"},"inLanguage":"ca","potentialAction":[{"@type":"ReadAction","target":["https:\/\/cieacova.com\/?page_id=61"]}]},{"@type":"BreadcrumbList","@id":"https:\/\/cieacova.com\/?page_id=61#breadcrumb","itemListElement":[{"@type":"ListItem","position":1,"name":"Inici","item":"https:\/\/cieacova.com\/"},{"@type":"ListItem","position":2,"name":"Antecedents"}]},{"@type":"WebSite","@id":"https:\/\/cieacova.com\/#website","url":"https:\/\/cieacova.com\/","name":"CIEACOVA","description":"P\u00e0gina del CIEACOVA","potentialAction":[{"@type":"SearchAction","target":{"@type":"EntryPoint","urlTemplate":"https:\/\/cieacova.com\/?s={search_term_string}"},"query-input":{"@type":"PropertyValueSpecification","valueRequired":true,"valueName":"search_term_string"}}],"inLanguage":"ca"}]}},"_links":{"self":[{"href":"https:\/\/cieacova.com\/index.php?rest_route=\/wp\/v2\/pages\/61","targetHints":{"allow":["GET"]}}],"collection":[{"href":"https:\/\/cieacova.com\/index.php?rest_route=\/wp\/v2\/pages"}],"about":[{"href":"https:\/\/cieacova.com\/index.php?rest_route=\/wp\/v2\/types\/page"}],"author":[{"embeddable":true,"href":"https:\/\/cieacova.com\/index.php?rest_route=\/wp\/v2\/users\/36902"}],"replies":[{"embeddable":true,"href":"https:\/\/cieacova.com\/index.php?rest_route=%2Fwp%2Fv2%2Fcomments&post=61"}],"version-history":[{"count":2,"href":"https:\/\/cieacova.com\/index.php?rest_route=\/wp\/v2\/pages\/61\/revisions"}],"predecessor-version":[{"id":5367,"href":"https:\/\/cieacova.com\/index.php?rest_route=\/wp\/v2\/pages\/61\/revisions\/5367"}],"wp:attachment":[{"href":"https:\/\/cieacova.com\/index.php?rest_route=%2Fwp%2Fv2%2Fmedia&parent=61"}],"curies":[{"name":"wp","href":"https:\/\/api.w.org\/{rel}","templated":true}]}}